{"id":3,"date":"2025-06-17T10:49:04","date_gmt":"2025-06-17T10:49:04","guid":{"rendered":"http:\/\/box2321\/cgi\/addon_GT.cgi?s=GT::WP::Install::Cpanel+%28sabercom%29+-+127.0.0.1+%5Bnocaller%5D\/?page_id=3"},"modified":"2025-09-11T20:59:54","modified_gmt":"2025-09-11T20:59:54","slug":"privacy-policy","status":"publish","type":"page","link":"https:\/\/asadorfaneco.com\/es\/privacy-policy\/","title":{"rendered":"Pol\u00edtica de Privacidad"},"content":{"rendered":"\n<p class=\"\"><strong>Responsable del tratamiento<\/strong><br>VIGO E OS CATRO ELEMENTOS, SLU<br>NIF: B09770975<br>Domicilio: Parque Forestal de Beade, Estrada Marcosende S\/N, 36310 Vigo, Pontevedra<br>Email: info@asadorfaneco.com<\/p>\n\n\n\n<p class=\"\"><strong>Finalidad del tratamiento<\/strong><br>Los datos recogidos a trav\u00e9s del formulario de contacto se usan exclusivamente para responder a solicitudes de informaci\u00f3n o contacto realizadas por los usuarios.<\/p>\n\n\n\n<p class=\"\"><strong>Base legal<\/strong><br>La base legal para el tratamiento es el consentimiento del interesado, al enviar voluntariamente sus datos.<\/p>\n\n\n\n<p class=\"\"><strong>Plazo de conservaci\u00f3n<\/strong><br>Los datos se conservar\u00e1n durante el tiempo necesario para atender la solicitud y, en su caso, durante los plazos legalmente exigidos.<\/p>\n\n\n\n<p class=\"\"><strong>Cesiones de datos<\/strong><br>No se ceder\u00e1n datos a terceros, salvo obligaci\u00f3n legal. El sitio est\u00e1 alojado en Bluehost, proveedor ubicado en EE.UU. acogido a cl\u00e1usulas contractuales tipo conforme al RGPD.<\/p>\n\n\n\n<p class=\"\"><strong>Derechos del usuario<\/strong><br>Puedes ejercer tus derechos de acceso, rectificaci\u00f3n, supresi\u00f3n, limitaci\u00f3n, oposici\u00f3n y portabilidad enviando un correo a info@asadorfaneco.com con el asunto \u201cProtecci\u00f3n de datos\u201d.<\/p>\n\n\n\n<p class=\"\"><strong>Medidas de seguridad<\/strong><br>Se aplican medidas t\u00e9cnicas y organizativas adecuadas para garantizar la seguridad e integridad de los datos personales tratados.<\/p>\n","protected":false},"excerpt":{"rendered":"<p>Responsable del tratamientoVIGO E OS CATRO ELEMENTOS, SLUNIF: B09770975Domicilio: Parque Forestal de Beade, Estrada Marcosende S\/N, 36310 Vigo, PontevedraEmail: info@asadorfaneco.com Finalidad del tratamientoLos datos recogidos a trav\u00e9s del formulario de contacto se usan exclusivamente para responder a solicitudes de informaci\u00f3n o contacto realizadas por los usuarios. Base legalLa base legal para el tratamiento es el [&hellip;]<\/p>\n","protected":false},"author":1,"featured_media":0,"parent":0,"menu_order":0,"comment_status":"closed","ping_status":"open","template":"","meta":{"nf_dc_page":"","om_disable_all_campaigns":false,"_monsterinsights_skip_tracking":false,"_monsterinsights_sitenote_active":false,"_monsterinsights_sitenote_note":"","_monsterinsights_sitenote_category":0,"footnotes":""},"class_list":["post-3","page","type-page","status-publish","hentry"],"yoast_head":"<!-- This site is optimized with the Yoast SEO plugin v27.5 - https:\/\/yoast.com\/product\/yoast-seo-wordpress\/ -->\n<title>Pol\u00edtica de Privacidad - Asador Faneco<\/title>\n<meta name=\"robots\" content=\"index, follow, max-snippet:-1, max-image-preview:large, max-video-preview:-1\" \/>\n<link rel=\"canonical\" href=\"https:\/\/asadorfaneco.com\/es\/privacy-policy\/\" \/>\n<meta property=\"og:locale\" content=\"es_ES\" \/>\n<meta property=\"og:type\" content=\"article\" \/>\n<meta property=\"og:title\" content=\"Pol\u00edtica de Privacidad - Asador Faneco\" \/>\n<meta property=\"og:description\" content=\"Responsable del tratamientoVIGO E OS CATRO ELEMENTOS, SLUNIF: B09770975Domicilio: Parque Forestal de Beade, Estrada Marcosende S\/N, 36310 Vigo, PontevedraEmail: info@asadorfaneco.com Finalidad del tratamientoLos datos recogidos a trav\u00e9s del formulario de contacto se usan exclusivamente para responder a solicitudes de informaci\u00f3n o contacto realizadas por los usuarios. Base legalLa base legal para el tratamiento es el [&hellip;]\" \/>\n<meta property=\"og:url\" content=\"https:\/\/asadorfaneco.com\/es\/privacy-policy\/\" \/>\n<meta property=\"og:site_name\" content=\"Asador Faneco\" \/>\n<meta property=\"article:modified_time\" content=\"2025-09-11T20:59:54+00:00\" \/>\n<meta name=\"twitter:card\" content=\"summary_large_image\" \/>\n<meta name=\"twitter:label1\" content=\"Tiempo de lectura\" \/>\n\t<meta name=\"twitter:data1\" content=\"1 minuto\" \/>\n<script type=\"application\/ld+json\" class=\"yoast-schema-graph\">{\"@context\":\"https:\\\/\\\/schema.org\",\"@graph\":[{\"@type\":\"WebPage\",\"@id\":\"https:\\\/\\\/asadorfaneco.com\\\/privacy-policy\\\/\",\"url\":\"https:\\\/\\\/asadorfaneco.com\\\/privacy-policy\\\/\",\"name\":\"Pol\u00edtica de Privacidad - Asador Faneco\",\"isPartOf\":{\"@id\":\"https:\\\/\\\/asadorfaneco.com\\\/#website\"},\"datePublished\":\"2025-06-17T10:49:04+00:00\",\"dateModified\":\"2025-09-11T20:59:54+00:00\",\"breadcrumb\":{\"@id\":\"https:\\\/\\\/asadorfaneco.com\\\/privacy-policy\\\/#breadcrumb\"},\"inLanguage\":\"es\",\"potentialAction\":[{\"@type\":\"ReadAction\",\"target\":[\"https:\\\/\\\/asadorfaneco.com\\\/privacy-policy\\\/\"]}]},{\"@type\":\"BreadcrumbList\",\"@id\":\"https:\\\/\\\/asadorfaneco.com\\\/privacy-policy\\\/#breadcrumb\",\"itemListElement\":[{\"@type\":\"ListItem\",\"position\":1,\"name\":\"Home\",\"item\":\"https:\\\/\\\/asadorfaneco.com\\\/\"},{\"@type\":\"ListItem\",\"position\":2,\"name\":\"Pol\u00edtica de Privacidad\"}]},{\"@type\":\"WebSite\",\"@id\":\"https:\\\/\\\/asadorfaneco.com\\\/#website\",\"url\":\"https:\\\/\\\/asadorfaneco.com\\\/\",\"name\":\"Asador Faneco\",\"description\":\"Brasas, m\u00fasica y naturaleza\",\"potentialAction\":[{\"@type\":\"SearchAction\",\"target\":{\"@type\":\"EntryPoint\",\"urlTemplate\":\"https:\\\/\\\/asadorfaneco.com\\\/?s={search_term_string}\"},\"query-input\":{\"@type\":\"PropertyValueSpecification\",\"valueRequired\":true,\"valueName\":\"search_term_string\"}}],\"inLanguage\":\"es\"}]}<\/script>\n<!-- \/ Yoast SEO plugin. -->","yoast_head_json":{"title":"Pol\u00edtica de Privacidad - Asador Faneco","robots":{"index":"index","follow":"follow","max-snippet":"max-snippet:-1","max-image-preview":"max-image-preview:large","max-video-preview":"max-video-preview:-1"},"canonical":"https:\/\/asadorfaneco.com\/es\/privacy-policy\/","og_locale":"es_ES","og_type":"article","og_title":"Pol\u00edtica de Privacidad - Asador Faneco","og_description":"Responsable del tratamientoVIGO E OS CATRO ELEMENTOS, SLUNIF: B09770975Domicilio: Parque Forestal de Beade, Estrada Marcosende S\/N, 36310 Vigo, PontevedraEmail: info@asadorfaneco.com Finalidad del tratamientoLos datos recogidos a trav\u00e9s del formulario de contacto se usan exclusivamente para responder a solicitudes de informaci\u00f3n o contacto realizadas por los usuarios. Base legalLa base legal para el tratamiento es el [&hellip;]","og_url":"https:\/\/asadorfaneco.com\/es\/privacy-policy\/","og_site_name":"Asador Faneco","article_modified_time":"2025-09-11T20:59:54+00:00","twitter_card":"summary_large_image","twitter_misc":{"Tiempo de lectura":"1 minuto"},"schema":{"@context":"https:\/\/schema.org","@graph":[{"@type":"WebPage","@id":"https:\/\/asadorfaneco.com\/privacy-policy\/","url":"https:\/\/asadorfaneco.com\/privacy-policy\/","name":"Pol\u00edtica de Privacidad - Asador Faneco","isPartOf":{"@id":"https:\/\/asadorfaneco.com\/#website"},"datePublished":"2025-06-17T10:49:04+00:00","dateModified":"2025-09-11T20:59:54+00:00","breadcrumb":{"@id":"https:\/\/asadorfaneco.com\/privacy-policy\/#breadcrumb"},"inLanguage":"es","potentialAction":[{"@type":"ReadAction","target":["https:\/\/asadorfaneco.com\/privacy-policy\/"]}]},{"@type":"BreadcrumbList","@id":"https:\/\/asadorfaneco.com\/privacy-policy\/#breadcrumb","itemListElement":[{"@type":"ListItem","position":1,"name":"Home","item":"https:\/\/asadorfaneco.com\/"},{"@type":"ListItem","position":2,"name":"Pol\u00edtica de Privacidad"}]},{"@type":"WebSite","@id":"https:\/\/asadorfaneco.com\/#website","url":"https:\/\/asadorfaneco.com\/","name":"Asador Faneco","description":"Brasas, m\u00fasica y naturaleza","potentialAction":[{"@type":"SearchAction","target":{"@type":"EntryPoint","urlTemplate":"https:\/\/asadorfaneco.com\/?s={search_term_string}"},"query-input":{"@type":"PropertyValueSpecification","valueRequired":true,"valueName":"search_term_string"}}],"inLanguage":"es"}]}},"jetpack_sharing_enabled":true,"_links":{"self":[{"href":"https:\/\/asadorfaneco.com\/es\/wp-json\/wp\/v2\/pages\/3","targetHints":{"allow":["GET"]}}],"collection":[{"href":"https:\/\/asadorfaneco.com\/es\/wp-json\/wp\/v2\/pages"}],"about":[{"href":"https:\/\/asadorfaneco.com\/es\/wp-json\/wp\/v2\/types\/page"}],"author":[{"embeddable":true,"href":"https:\/\/asadorfaneco.com\/es\/wp-json\/wp\/v2\/users\/1"}],"replies":[{"embeddable":true,"href":"https:\/\/asadorfaneco.com\/es\/wp-json\/wp\/v2\/comments?post=3"}],"version-history":[{"count":2,"href":"https:\/\/asadorfaneco.com\/es\/wp-json\/wp\/v2\/pages\/3\/revisions"}],"predecessor-version":[{"id":875,"href":"https:\/\/asadorfaneco.com\/es\/wp-json\/wp\/v2\/pages\/3\/revisions\/875"}],"wp:attachment":[{"href":"https:\/\/asadorfaneco.com\/es\/wp-json\/wp\/v2\/media?parent=3"}],"curies":[{"name":"wp","href":"https:\/\/api.w.org\/{rel}","templated":true}]}}

Política de Privacidad

<p class=""><strong>Responsable del tratamiento</strong><br>VIGO E OS CATRO ELEMENTOS, SLU<br>NIF: B09770975<br>Domicilio: Parque Forestal de Beade, Estrada Marcosende S/N, 36310 Vigo, Pontevedra<br>Email: info@asadorfaneco.com</p>



<p class=""><strong>Finalidad del tratamiento</strong><br>Los datos recogidos a través del formulario de contacto se usan exclusivamente para responder a solicitudes de información o contacto realizadas por los usuarios.</p>



<p class=""><strong>Base legal</strong><br>La base legal para el tratamiento es el consentimiento del interesado, al enviar voluntariamente sus datos.</p>



<p class=""><strong>Plazo de conservación</strong><br>Los datos se conservarán durante el tiempo necesario para atender la solicitud y, en su caso, durante los plazos legalmente exigidos.</p>



<p class=""><strong>Cesiones de datos</strong><br>No se cederán datos a terceros, salvo obligación legal. El sitio está alojado en Bluehost, proveedor ubicado en EE.UU. acogido a cláusulas contractuales tipo conforme al RGPD.</p>



<p class=""><strong>Derechos del usuario</strong><br>Puedes ejercer tus derechos de acceso, rectificación, supresión, limitación, oposición y portabilidad enviando un correo a info@asadorfaneco.com con el asunto “Protección de datos”.</p>



<p class=""><strong>Medidas de seguridad</strong><br>Se aplican medidas técnicas y organizativas adecuadas para garantizar la seguridad e integridad de los datos personales tratados.</p>

<p>Responsable del tratamientoVIGO E OS CATRO ELEMENTOS, SLUNIF: B09770975Domicilio: Parque Forestal de Beade, Estrada Marcosende S/N, 36310 Vigo, PontevedraEmail: info@asadorfaneco.com Finalidad del tratamientoLos datos recogidos a través del formulario de contacto se usan exclusivamente para responder a solicitudes de información o contacto realizadas por los usuarios. Base legalLa base legal para el tratamiento es el [&hellip;]</p>

<!-- This site is optimized with the Yoast SEO plugin v27.5 - https://yoast.com/product/yoast-seo-wordpress/ -->
<title>Política de Privacidad - Asador Faneco</title>
<meta name="robots" content="index, follow, max-snippet:-1, max-image-preview:large, max-video-preview:-1" />
<link rel="canonical" href="https://asadorfaneco.com/es/privacy-policy/" />
<meta property="og:locale" content="es_ES" />
<meta property="og:type" content="article" />
<meta property="og:title" content="Política de Privacidad - Asador Faneco" />
<meta property="og:description" content="Responsable del tratamientoVIGO E OS CATRO ELEMENTOS, SLUNIF: B09770975Domicilio: Parque Forestal de Beade, Estrada Marcosende S/N, 36310 Vigo, PontevedraEmail: info@asadorfaneco.com Finalidad del tratamientoLos datos recogidos a través del formulario de contacto se usan exclusivamente para responder a solicitudes de información o contacto realizadas por los usuarios. Base legalLa base legal para el tratamiento es el [&hellip;]" />
<meta property="og:url" content="https://asadorfaneco.com/es/privacy-policy/" />
<meta property="og:site_name" content="Asador Faneco" />
<meta property="article:modified_time" content="2025-09-11T20:59:54+00:00" />
<meta name="twitter:card" content="summary_large_image" />
<meta name="twitter:label1" content="Tiempo de lectura" />
	<meta name="twitter:data1" content="1 minuto" />
<script type="application/ld+json" class="yoast-schema-graph">{"@context":"https:\/\/schema.org","@graph":[{"@type":"WebPage","@id":"https:\/\/asadorfaneco.com\/privacy-policy\/","url":"https:\/\/asadorfaneco.com\/privacy-policy\/","name":"Política de Privacidad - Asador Faneco","isPartOf":{"@id":"https:\/\/asadorfaneco.com\/#website"},"datePublished":"2025-06-17T10:49:04+00:00","dateModified":"2025-09-11T20:59:54+00:00","breadcrumb":{"@id":"https:\/\/asadorfaneco.com\/privacy-policy\/#breadcrumb"},"inLanguage":"es","potentialAction":[{"@type":"ReadAction","target":["https:\/\/asadorfaneco.com\/privacy-policy\/"]}]},{"@type":"BreadcrumbList","@id":"https:\/\/asadorfaneco.com\/privacy-policy\/#breadcrumb","itemListElement":[{"@type":"ListItem","position":1,"name":"Home","item":"https:\/\/asadorfaneco.com\/"},{"@type":"ListItem","position":2,"name":"Política de Privacidad"}]},{"@type":"WebSite","@id":"https:\/\/asadorfaneco.com\/#website","url":"https:\/\/asadorfaneco.com\/","name":"Asador Faneco","description":"Brasas, música y naturaleza","potentialAction":[{"@type":"SearchAction","target":{"@type":"EntryPoint","urlTemplate":"https:\/\/asadorfaneco.com\/?s={search_term_string}"},"query-input":{"@type":"PropertyValueSpecification","valueRequired":true,"valueName":"search_term_string"}}],"inLanguage":"es"}]}</script>
<!-- / Yoast SEO plugin. -->

Política de Privacidad - Asador Faneco

Responsable del tratamientoVIGO E OS CATRO ELEMENTOS, SLUNIF: B09770975Domicilio: Parque Forestal de Beade, Estrada Marcosende S/N, 36310 Vigo, PontevedraEmail: info@asadorfaneco.com Finalidad del tratamientoLos datos recogidos a través del formulario de contacto se usan exclusivamente para responder a solicitudes de información o contacto realizadas por los usuarios. Base legalLa base legal para el tratamiento es el [&hellip;]

Brasas, música y naturaleza
